{"id":958,"date":"2017-01-29T21:05:38","date_gmt":"2017-01-29T21:05:38","guid":{"rendered":"http:\/\/wedding-planner.freevision.me\/?page_id=958"},"modified":"2021-08-12T09:11:24","modified_gmt":"2021-08-12T09:11:24","slug":"event","status":"publish","type":"page","link":"https:\/\/chateauchatelard.ch\/FR\/event\/","title":{"rendered":"\u00c9V\u00c9NEMENT"},"content":{"rendered":"<p>[vc_row full_width=\u00a0\u00bbfit_page_template\u00a0\u00bb css=\u00a0\u00bb.vc_custom_1485724041660{margin-top: 0px !important;margin-right: 0px !important;margin-bottom: 0px !important;margin-left: 0px !important;padding-top: 0px !important;padding-right: 0px !important;padding-bottom: 0px !important;padding-left: 0px !important;}\u00a0\u00bb][vc_column][rev_slider_vc alias=\u00a0\u00bbevent-en-1&Prime;][\/vc_column][\/vc_row][vc_row full_width=\u00a0\u00bbstretch_row\u00a0\u00bb css=\u00a0\u00bb.vc_custom_1574089430738{margin-top: 0px !important;margin-bottom: 0px !important;padding-top: 100px !important;padding-bottom: 100px !important;}\u00a0\u00bb][vc_column][vc_single_image image=\u00a0\u00bb805&Prime; img_size=\u00a0\u00bbfull\u00a0\u00bb alignment=\u00a0\u00bbcenter\u00a0\u00bb css=\u00a0\u00bb.vc_custom_1574089421364{margin-bottom: -50px !important;}\u00a0\u00bb]<div id=\"ovd-26541\" class=\"ozy-vertical_divider wpb_content_element\"><span class=\"h1-size heading-font\">CONVIENT \u00c0 TOUS TYPES D\u2019\u00c9V\u00c9NEMENTS PRIV\u00c9S<\/span><\/div>[vc_custom_heading text=\u00a0\u00bbLes deux salles du ch\u00e2teau pourraient accueillir beaucoup de monde. Il y aura de la place pour tout le monde. On a une ou deux salles \u00e0 louer.\u00a0\u00bb font_container=\u00a0\u00bbtag:h4|text_align:center|color:%230a0a0a\u00a0\u00bb use_theme_fonts=\u00a0\u00bbyes\u00a0\u00bb css=\u00a0\u00bb.vc_custom_1574089906766{padding-right: 13% !important;padding-left: 13% !important;}\u00a0\u00bb][\/vc_column][\/vc_row][vc_row css=\u00a0\u00bb.vc_custom_1574094544819{margin-top: 0px !important;margin-right: 0px !important;margin-bottom: 0px !important;margin-left: 0px !important;padding-top: 0px !important;padding-right: 0px !important;padding-bottom: 0px !important;padding-left: 0px !important;}\u00a0\u00bb][vc_column css=\u00a0\u00bb.vc_custom_1572167174674{margin-right: 0px !important;margin-left: 0px !important;padding-right: 0px !important;padding-left: 0px !important;}\u00a0\u00bb][vc_row_inner css=\u00a0\u00bb.vc_custom_1574094547473{background-color: #ffffff !important;}\u00a0\u00bb][vc_column_inner]<div id=\"tile-with-icon_icon912\" class=\"title-with-icon-wrapper clear xlarge \" data-color=\"\">\r\n\t\t\t<div class=\"wpb_content_element title-with-icon clearfix \"><span  style=\"color:#c09e6f !important;background-color: !important;\" class=\"oic-fi4-diamond clear xlarge \" ><\/span><h1 style=\"color:#000000\">Premi\u00e8re salle<\/h1>\r\n\t\t\t<\/div><\/div>[vc_column_text css=\u00a0\u00bb.vc_custom_1628759458882{padding-right: 10% !important;padding-left: 10% !important;}\u00a0\u00bb]<\/p>\n<h4><span style=\"color: #c09e6f;\">Mariage, anniversaire, soir\u00e9e jazz ou autres \u00e9v\u00e9nements. Ne pensez pas au th\u00e8me \u2014faites la f\u00eate!<\/span><\/h4>\n<p class=\"s3\">La salle pourrait accueillir jusqu\u2019\u00e0 90 personnes avec les tables install\u00e9es de fa\u00e7on que les invit\u00e9s puissent communiquer. L\u2019\u00e9clairage d\u2019ambiance fera animer les sujets des fresques sur les murs. Il n\u2019y aura pas de soucis avec le service.<\/p>\n<p class=\"s3\">On vous donnera toutes les informations et renseignements au num\u00e9ro de t\u00e9l\u00e9phone que vous trouverez dans les contacts.<\/p>\n<p>[\/vc_column_text][\/vc_column_inner][\/vc_row_inner][vc_empty_space height=\u00a0\u00bb50px\u00a0\u00bb][vc_column_text][modula id=\u00a0\u00bb2150&Prime;][\/vc_column_text][\/vc_column][\/vc_row][vc_row][vc_column][vc_single_image image=\u00a0\u00bb842&Prime; img_size=\u00a0\u00bbfull\u00a0\u00bb alignment=\u00a0\u00bbcenter\u00a0\u00bb css=\u00a0\u00bb.vc_custom_1485894475811{margin-top: 80px !important;margin-bottom: 80px !important;}\u00a0\u00bb][\/vc_column][\/vc_row][vc_row css=\u00a0\u00bb.vc_custom_1574094540126{margin-top: 0px !important;margin-right: 0px !important;margin-bottom: 0px !important;margin-left: 0px !important;padding-top: 0px !important;padding-right: 0px !important;padding-bottom: 0px !important;padding-left: 0px !important;}\u00a0\u00bb][vc_column width=\u00a0\u00bb1\/2&Prime; css=\u00a0\u00bb.vc_custom_1485893641163{padding-top: 10% !important;padding-right: 10% !important;padding-bottom: 5% !important;padding-left: 10% !important;background-color: #ffffff !important;}\u00a0\u00bb]<div id=\"tile-with-icon_icon611\" class=\"title-with-icon-wrapper clear xlarge \" data-color=\"\">\r\n\t\t\t<div class=\"wpb_content_element title-with-icon clearfix \"><span  style=\"color:#c09e6f !important;background-color: !important;\" class=\"oic-fi4-list clear xlarge \" ><\/span><h1 style=\"color:#000000\">Deuxi\u00e8me salle<\/h1>\r\n\t\t\t<\/div><\/div>[vc_column_text]<\/p>\n<h4><span style=\"color: #c09e6f;\"><span class=\"s6\"><span class=\"s7\">La salle de banquet sera <\/span><span class=\"s7\">une <\/span><a name=\"_GoBack\"><\/a><span class=\"s7\">solution <\/span><span class=\"s7\">id\u00e9ale pour ceux q<\/span><span class=\"s7\">ui pr\u00e9voient de c\u00e9l\u00e9brer un magnifique<\/span><span class=\"s7\"> \u00e9v\u00e9nement dans une<\/span> <span class=\"s7\">ambiance<\/span><span class=\"s7\"> gothique <\/span><span class=\"s7\">et <\/span><span class=\"s7\">entour\u00e9 de ses a<\/span><span class=\"s7\">mis.<\/span><\/span><\/span><\/h4>\n<p class=\"s3\">La deuxi\u00e8me salle pourrait accueillir environ 50 personnes. Une salle avec les portraits des grands seigneurs sur les murs, les meubles anciens et la musique d\u2019ambiance vous permettront d\u2019organiser une f\u00eate inoubliable.<\/p>\n<p class=\"s3\">On donnera suite \u00e0 n\u2019importe quelle demande.<\/p>\n<p>[\/vc_column_text][\/vc_column][vc_column width=\u00a0\u00bb1\/2&Prime; css=\u00a0\u00bb.vc_custom_1485893651189{margin-right: 0px !important;margin-left: 0px !important;padding-right: 0px !important;padding-left: 0px !important;}\u00a0\u00bb][vc_column_text][modula id=\u00a0\u00bb2153&Prime;][\/vc_column_text][\/vc_column][\/vc_row][vc_row][vc_column][vc_single_image image=\u00a0\u00bb1354&Prime; img_size=\u00a0\u00bbfull\u00a0\u00bb alignment=\u00a0\u00bbcenter\u00a0\u00bb css=\u00a0\u00bb.vc_custom_1574094533507{margin-top: 80px !important;margin-bottom: 80px !important;}\u00a0\u00bb][\/vc_column][\/vc_row][vc_row css=\u00a0\u00bb.vc_custom_1574094536757{margin-top: 0px !important;margin-right: 0px !important;margin-bottom: 0px !important;margin-left: 0px !important;padding-top: 0px !important;padding-right: 0px !important;padding-bottom: 0px !important;padding-left: 0px !important;}\u00a0\u00bb][vc_column width=\u00a0\u00bb1\/2&Prime; css=\u00a0\u00bb.vc_custom_1485871126583{margin-right: 0px !important;margin-left: 0px !important;padding-right: 0px !important;padding-left: 0px !important;}\u00a0\u00bb][vc_column_text][modula id=\u00a0\u00bb2156&Prime;][\/vc_column_text][\/vc_column][vc_column width=\u00a0\u00bb1\/2&Prime; css=\u00a0\u00bb.vc_custom_1485893521190{padding-top: 10% !important;padding-right: 10% !important;padding-bottom: 5% !important;padding-left: 10% !important;background-color: #ffffff !important;}\u00a0\u00bb]<div id=\"tile-with-icon_icon6295\" class=\"title-with-icon-wrapper clear xlarge \" data-color=\"\">\r\n\t\t\t<div class=\"wpb_content_element title-with-icon clearfix \"><span  style=\"color:#c09e6f !important;background-color: !important;\" class=\"oic-fi2-toast clear xlarge \" ><\/span><h1 style=\"color:#000000\">Cuisine professionnelle<\/h1>\r\n\t\t\t<\/div><\/div>[vc_column_text]<\/p>\n<h4><span style=\"color: #c09e6f;\">La cuisine a tout ce qu\u2019il faut que ce soit une fourchette ou un four professionnel.<\/span><\/h4>\n<p class=\"s3\">Le fait que notre pays est un pays francophone a consid\u00e9rablement influenc\u00e9 la qualit\u00e9 et la diversit\u00e9 des plats et la cuisine en g\u00e9n\u00e9rale. Vous engagez un chef qui aura tout le n\u00e9cessaire pour pr\u00e9parer une tarte ou un plat raffin\u00e9.<\/p>\n<p class=\"s3\">Engagez un chef, pensez ensemble \u00e0 votre menu ou donnez \u2013 nous carte blanche et vous garderez pour longtemps un souvenir de la f\u00eate particuli\u00e8rement r\u00e9ussie.<\/p>\n<p>[\/vc_column_text][\/vc_column][\/vc_row][vc_row full_width=\u00a0\u00bbstretch_row_content\u00a0\u00bb css=\u00a0\u00bb.vc_custom_1572166998635{margin-top: 0px !important;margin-bottom: 0px !important;padding-top: 60px !important;padding-bottom: 60px !important;}\u00a0\u00bb][vc_column width=\u00a0\u00bb1\/2&Prime;]<div id=\"obb-55244\" class=\"ozy-border-box-wrapper \">\r\n\t\t\t\t<div class=\"ozy-border-box\">\r\n\t\t\t\t\t<span class=\"border-sides\"><\/span>\r\n\t\t\t\t\t<h2>Il vous reste des questions? Contactez-nous.<\/h2>\r\n\t\t\t\t\t<div class=\"text-center\"><a href=\"http:\/\/chateauchatelard.ch\/contact\/\"  target=\"\" class=\"generic-button generic-button-opacity\">\u0421ONTACTER LE CH\u00c2TEAU<\/a><\/div>\r\n\t\t\t\t<\/div>\r\n\t\t\t<\/div>[vc_empty_space height=\u00a0\u00bb60px\u00a0\u00bb][\/vc_column][vc_column width=\u00a0\u00bb1\/2&Prime;][vc_column_text css=\u00a0\u00bb.vc_custom_1574090262948{margin-bottom: 0px !important;padding-bottom: 15px !important;}\u00a0\u00bb]<\/p>\n<h4 class=\"vc_custom_heading wpb_animate_when_almost_visible wpb_fadeIn fadeIn vc_custom_1481656846632 wpb_start_animation animated\" style=\"text-align: center;\"><strong>Suivez-nous sur Instagram<\/strong><\/h4>\n<p>[\/vc_column_text]<div class=\"ozy-instagram-gallery-wrapper wpb_content_element \"><span class=\"alternate-text-color\">@Chateau Du Chatelard<\/span><ul class=\"ozy-instagram-gallery\" data-username=\"Chateau Du Chatelard\" data-numitems=\"14\" data-accesstoken=\"7133835193.54da896.13e2ca462bbf4c2f8d04ece984675b9d\"><\/ul><\/div>[\/vc_column][\/vc_row]<\/p>","protected":false},"excerpt":{"rendered":"<p>[vc_row full_width=\u00a0\u00bbfit_page_template\u00a0\u00bb css=\u00a0\u00bb.vc_custom_1485724041660{margin-top: 0px !important;margin-right: 0px !important;margin-bottom: 0px !important;margin-left: 0px !important;padding-top: 0px !important;padding-right: 0px !important;padding-bottom: 0px !important;padding-left: 0px !important;}\u00a0\u00bb][vc_column][rev_slider_vc alias=\u00a0\u00bbevent-en-1&Prime;][\/vc_column][\/vc_row][vc_row full_width=\u00a0\u00bbstretch_row\u00a0\u00bb css=\u00a0\u00bb.vc_custom_1574089430738{margin-top: 0px !important;margin-bottom: 0px !important;padding-top: 100px !important;padding-bottom: 100px !important;}\u00a0\u00bb][vc_column][vc_single_image [&hellip;]<\/p>\n","protected":false},"author":1,"featured_media":0,"parent":0,"menu_order":0,"comment_status":"closed","ping_status":"closed","template":"","meta":[],"_links":{"self":[{"href":"https:\/\/chateauchatelard.ch\/FR\/wp-json\/wp\/v2\/pages\/958"}],"collection":[{"href":"https:\/\/chateauchatelard.ch\/FR\/wp-json\/wp\/v2\/pages"}],"about":[{"href":"https:\/\/chateauchatelard.ch\/FR\/wp-json\/wp\/v2\/types\/page"}],"author":[{"embeddable":true,"href":"https:\/\/chateauchatelard.ch\/FR\/wp-json\/wp\/v2\/users\/1"}],"replies":[{"embeddable":true,"href":"https:\/\/chateauchatelard.ch\/FR\/wp-json\/wp\/v2\/comments?post=958"}],"version-history":[{"count":152,"href":"https:\/\/chateauchatelard.ch\/FR\/wp-json\/wp\/v2\/pages\/958\/revisions"}],"predecessor-version":[{"id":2481,"href":"https:\/\/chateauchatelard.ch\/FR\/wp-json\/wp\/v2\/pages\/958\/revisions\/2481"}],"wp:attachment":[{"href":"https:\/\/chateauchatelard.ch\/FR\/wp-json\/wp\/v2\/media?parent=958"}],"curies":[{"name":"wp","href":"https:\/\/api.w.org\/{rel}","templated":true}]}}

ÉVÉNEMENT

<p>[vc_row full_width= »fit_page_template » css= ».vc_custom_1485724041660{margin-top: 0px !important;margin-right: 0px !important;margin-bottom: 0px !important;margin-left: 0px !important;padding-top: 0px !important;padding-right: 0px !important;padding-bottom: 0px !important;padding-left: 0px !important;} »][vc_column][rev_slider_vc alias= »event-en-1&Prime;][/vc_column][/vc_row][vc_row full_width= »stretch_row » css= ».vc_custom_1574089430738{margin-top: 0px !important;margin-bottom: 0px !important;padding-top: 100px !important;padding-bottom: 100px !important;} »][vc_column][vc_single_image image= »805&Prime; img_size= »full » alignment= »center » css= ».vc_custom_1574089421364{margin-bottom: -50px !important;} »]<div id="ovd-26541" class="ozy-vertical_divider wpb_content_element"><span class="h1-size heading-font">CONVIENT À TOUS TYPES D’ÉVÉNEMENTS PRIVÉS</span></div>[vc_custom_heading text= »Les deux salles du château pourraient accueillir beaucoup de monde. Il y aura de la place pour tout le monde. On a une ou deux salles à louer. » font_container= »tag:h4|text_align:center|color:%230a0a0a » use_theme_fonts= »yes » css= ».vc_custom_1574089906766{padding-right: 13% !important;padding-left: 13% !important;} »][/vc_column][/vc_row][vc_row css= ».vc_custom_1574094544819{margin-top: 0px !important;margin-right: 0px !important;margin-bottom: 0px !important;margin-left: 0px !important;padding-top: 0px !important;padding-right: 0px !important;padding-bottom: 0px !important;padding-left: 0px !important;} »][vc_column css= ».vc_custom_1572167174674{margin-right: 0px !important;margin-left: 0px !important;padding-right: 0px !important;padding-left: 0px !important;} »][vc_row_inner css= ».vc_custom_1574094547473{background-color: #ffffff !important;} »][vc_column_inner]<div id="tile-with-icon_icon912" class="title-with-icon-wrapper clear xlarge " data-color="">
			<div class="wpb_content_element title-with-icon clearfix "><span  style="color:#c09e6f !important;background-color: !important;" class="oic-fi4-diamond clear xlarge " ></span><h1 style="color:#000000">Première salle</h1>
			</div></div>[vc_column_text css= ».vc_custom_1628759458882{padding-right: 10% !important;padding-left: 10% !important;} »]</p>
<h4><span style="color: #c09e6f;">Mariage, anniversaire, soirée jazz ou autres événements. Ne pensez pas au thème —faites la fête!</span></h4>
<p class="s3">La salle pourrait accueillir jusqu’à 90 personnes avec les tables installées de façon que les invités puissent communiquer. L’éclairage d’ambiance fera animer les sujets des fresques sur les murs. Il n’y aura pas de soucis avec le service.</p>
<p class="s3">On vous donnera toutes les informations et renseignements au numéro de téléphone que vous trouverez dans les contacts.</p>
<p>[/vc_column_text][/vc_column_inner][/vc_row_inner][vc_empty_space height= »50px »][vc_column_text][modula id= »2150&Prime;][/vc_column_text][/vc_column][/vc_row][vc_row][vc_column][vc_single_image image= »842&Prime; img_size= »full » alignment= »center » css= ».vc_custom_1485894475811{margin-top: 80px !important;margin-bottom: 80px !important;} »][/vc_column][/vc_row][vc_row css= ».vc_custom_1574094540126{margin-top: 0px !important;margin-right: 0px !important;margin-bottom: 0px !important;margin-left: 0px !important;padding-top: 0px !important;padding-right: 0px !important;padding-bottom: 0px !important;padding-left: 0px !important;} »][vc_column width= »1/2&Prime; css= ».vc_custom_1485893641163{padding-top: 10% !important;padding-right: 10% !important;padding-bottom: 5% !important;padding-left: 10% !important;background-color: #ffffff !important;} »]<div id="tile-with-icon_icon611" class="title-with-icon-wrapper clear xlarge " data-color="">
			<div class="wpb_content_element title-with-icon clearfix "><span  style="color:#c09e6f !important;background-color: !important;" class="oic-fi4-list clear xlarge " ></span><h1 style="color:#000000">Deuxième salle</h1>
			</div></div>[vc_column_text]</p>
<h4><span style="color: #c09e6f;"><span class="s6"><span class="s7">La salle de banquet sera </span><span class="s7">une </span><a name="_GoBack"></a><span class="s7">solution </span><span class="s7">idéale pour ceux q</span><span class="s7">ui prévoient de célébrer un magnifique</span><span class="s7"> événement dans une</span> <span class="s7">ambiance</span><span class="s7"> gothique </span><span class="s7">et </span><span class="s7">entouré de ses a</span><span class="s7">mis.</span></span></span></h4>
<p class="s3">La deuxième salle pourrait accueillir environ 50 personnes. Une salle avec les portraits des grands seigneurs sur les murs, les meubles anciens et la musique d’ambiance vous permettront d’organiser une fête inoubliable.</p>
<p class="s3">On donnera suite à n’importe quelle demande.</p>
<p>[/vc_column_text][/vc_column][vc_column width= »1/2&Prime; css= ».vc_custom_1485893651189{margin-right: 0px !important;margin-left: 0px !important;padding-right: 0px !important;padding-left: 0px !important;} »][vc_column_text][modula id= »2153&Prime;][/vc_column_text][/vc_column][/vc_row][vc_row][vc_column][vc_single_image image= »1354&Prime; img_size= »full » alignment= »center » css= ».vc_custom_1574094533507{margin-top: 80px !important;margin-bottom: 80px !important;} »][/vc_column][/vc_row][vc_row css= ».vc_custom_1574094536757{margin-top: 0px !important;margin-right: 0px !important;margin-bottom: 0px !important;margin-left: 0px !important;padding-top: 0px !important;padding-right: 0px !important;padding-bottom: 0px !important;padding-left: 0px !important;} »][vc_column width= »1/2&Prime; css= ».vc_custom_1485871126583{margin-right: 0px !important;margin-left: 0px !important;padding-right: 0px !important;padding-left: 0px !important;} »][vc_column_text][modula id= »2156&Prime;][/vc_column_text][/vc_column][vc_column width= »1/2&Prime; css= ».vc_custom_1485893521190{padding-top: 10% !important;padding-right: 10% !important;padding-bottom: 5% !important;padding-left: 10% !important;background-color: #ffffff !important;} »]<div id="tile-with-icon_icon6295" class="title-with-icon-wrapper clear xlarge " data-color="">
			<div class="wpb_content_element title-with-icon clearfix "><span  style="color:#c09e6f !important;background-color: !important;" class="oic-fi2-toast clear xlarge " ></span><h1 style="color:#000000">Cuisine professionnelle</h1>
			</div></div>[vc_column_text]</p>
<h4><span style="color: #c09e6f;">La cuisine a tout ce qu’il faut que ce soit une fourchette ou un four professionnel.</span></h4>
<p class="s3">Le fait que notre pays est un pays francophone a considérablement influencé la qualité et la diversité des plats et la cuisine en générale. Vous engagez un chef qui aura tout le nécessaire pour préparer une tarte ou un plat raffiné.</p>
<p class="s3">Engagez un chef, pensez ensemble à votre menu ou donnez – nous carte blanche et vous garderez pour longtemps un souvenir de la fête particulièrement réussie.</p>
<p>[/vc_column_text][/vc_column][/vc_row][vc_row full_width= »stretch_row_content » css= ».vc_custom_1572166998635{margin-top: 0px !important;margin-bottom: 0px !important;padding-top: 60px !important;padding-bottom: 60px !important;} »][vc_column width= »1/2&Prime;]<div id="obb-55244" class="ozy-border-box-wrapper ">
				<div class="ozy-border-box">
					<span class="border-sides"></span>
					<h2>Il vous reste des questions? Contactez-nous.</h2>
					<div class="text-center"><a href="http://chateauchatelard.ch/contact/"  target="" class="generic-button generic-button-opacity">СONTACTER LE CHÂTEAU</a></div>
				</div>
			</div>[vc_empty_space height= »60px »][/vc_column][vc_column width= »1/2&Prime;][vc_column_text css= ».vc_custom_1574090262948{margin-bottom: 0px !important;padding-bottom: 15px !important;} »]</p>
<h4 class="vc_custom_heading wpb_animate_when_almost_visible wpb_fadeIn fadeIn vc_custom_1481656846632 wpb_start_animation animated" style="text-align: center;"><strong>Suivez-nous sur Instagram</strong></h4>
<p>[/vc_column_text]<div class="ozy-instagram-gallery-wrapper wpb_content_element "><span class="alternate-text-color">@Chateau Du Chatelard</span><ul class="ozy-instagram-gallery" data-username="Chateau Du Chatelard" data-numitems="14" data-accesstoken="7133835193.54da896.13e2ca462bbf4c2f8d04ece984675b9d"></ul></div>[/vc_column][/vc_row]</p>
